 4)?
-1
Evaluate (-4 - 0) + -1 + -1 + 3.
-3
What is the value of -5 + 8 + (0 - 2) + -2?
-1
Evaluate 5 + -5 + 0 + -2.
-2
Evaluate 9 + 4 - (18 + 12 + -23).
6
What is the value of (5 - 6) + (2 - (-3 - -2))?
2
Evaluate 7 + (-4 - (-5 + 13 + 2)).
-7
9 - 13 - (0 + 0)
-4
11 + -16 + (11 - 1)
5
What is the value of -4 + (4 - 5) - (-4 + -4)?
3
What is -5 + 0 + (22 - 22)?
-5
What is -18 - -6 - (-15 - -4)?
-1
-7 - (12 - 17 - 8)
6
Evaluate (0 - -1) + 2 + -2 + 0.
1
What is the value of -4 + 3 + -2 + 1?
-2
Evaluate (0 - 2) + 0 + -1 + 6.
3
Evaluate -3 - -1 - (-3 - (-1 - 0)).
0
8 - (12 - (0 - -5))
1
What is the value of 4 + 2 + 0 - 2?
4
What is (-7 - -4) + (2 - (-2 + -4))?
5
Evaluate -28 + 17 - (-2 - 2).
-7
What is the value of 2 - ((-6 - -4) + 8 + 0)?
-4
1 + 5 + (0 - 6)
0
-2 + 6 - (39 - 42)
7
Evaluate -18 + 11 + 2 + 13.
8
What is -4 + 10 + -5 - (1 - 3)?
3
4 + (-1 + (4 - -5) - 7)
5
What is the value of -8 - (-5 + 10 - (1 + 6))?
-6
Calculate -3 + -1 + 8 + -4.
0
What is -10 - -12 - (-1 + -1)?
4
Evaluate -20 + 8 - (1 + -8).
-5
Evaluate -3 - (-3 - -2 - 2).
0
What is -1 - (5 + -5 + -2)?
1
What is (3 - 0) + 0 - (-2 - -2)?
3
4 + -1 - (-7 - (-5 + -13))
-8
What is the value of 12 + -5 - 7 - (1 - 4)?
3
Evaluate 1 + -1 + (11 - 7 - 1).
3
(46 - 30) + (-9 - -2)
9
Evaluate 4 + -2 + (4 - 4) + 1.
3
Evaluate (-64 - -52) + -2 + 10.
-4
What is -8 + 5 + (2 - 4)?
-5
What is 2 + -12 + 42 + -29?
3
What is the value of (-1 - -1) + -1 - (2 + -7)?
4
Evaluate (3 + 1 - 3) + (1 - 1).
1
What is the value of -9 - ((8 - 10) + -3)?
-4
Evaluate -4 + 5 + -8 + 5.
-2
(-5 - -7) + -5 + -1 + 1
-3
What is 5 + 7 + (-4 - (5 + -6))?
9
What is -15 + (2 - -6) + 8 + -11?
-10
Calculate -37 + 29 - (-5 - -2).
-5
Calculate 5 + -3 + (-7 - -8).
3
What is (10 + -1 + 5 - 6) + -6?
2
Evaluate (1 + 3 - 1) + 48 + -46.
5
Calculate (3 - -5) + -3 - 11 - -1.
-5
Evaluate (-13 + -1 - -20) + (-3 - 1).
2
10 - 4 - (12 - 3 - 9)
6
What is -6 + 9 - (25 + -18)?
-4
(2 - (-2 + 3)) + 2 + -2
1
Calculate 7 - (-7 + (2 - -12)) - 0.
0
What is -8 + (14 - -5 - 4)?
7
What is 0 + (-6 - (-12 + -3 + 8))?
1
What is (6 - 1) + -6 + -7 + 9?
1
Calculate 4 + 1 + -1 - (54 + -57).
7
What is (4 - 15) + 5 - (3 + -7)?
-2
Calculate -4 - (2 + -12 + -2 + 4).
4
Evaluate 10 - (12 - (10 - 4)).
4
3 + (8 + -13 - 0)
-2
0 - 3 - (45 - 52)
4
What is -11 + 5 + -4 + 6?
-4
Evaluate -7 - (1 - 0 - 1).
-7
-4 + (15 - (2 + -5 - -8))
6
Evaluate (0 + -3 - -4) + (-4 - -4).
1
-9 + 1 + -4 + 7 + 3
-2
What is the value of -5 + -13 + (-9 - -22)?
-5
Calculate -5 + 0 + -4 + 4 + 3.
-2
Evaluate 4 - 12 - (20 - 24).
-4
What is the value of -62 + 63 + 1 + -1?
1
Evaluate -2 + 3 + (-14 - -15).
2
Evaluate -1 + (1 - 1) + -1.
-2
0 - (3 + -4) - (-11 + 17)
-5
Evaluate -9 + (5 - 7) - -18.
7
5 + (-2 + 3 - (-2 - -5))
3
What is 54 - 64 - (-1 - 10)?
1
1 + (-2 - 6) + 5 + 11
9
What is the value of 8 - 10 - -7 - 6?
-1
Calculate 2 + -1 + -7 + (31 - 26).
-1
What is 2 - 7 - (4 + -10) - -7?
8
Calculate (-34 - -38) + (-2 - 1).
1
What is the value of (-8 + 4 - -4) + -11 - -6?
-5
Evaluate -47 + 44 - (-2 + 0).
-1
Evaluate 1 + -2 + 4 + 4 + 1.
8
Evaluate 0 + -1 - -4 - (2 + 1).
0
Calculate -2 + -1 - (0 + -11 - -4).
4
Calculate (13 - 15) + -8 + (5 - 0).
-5
What is the value of 6 + (6 + -7 - 1)?
4
Calculate (-21 - (3 - 16)) + 14.
6
-2 + -4 + 8 + -6
-4
What is the value of -2 - (-6 - -10 - 4)?
-2
Calculate -4 + -1 + -3 + 2 + 1.
-5
5 - ((26 - 12) + -9)
0
17 + -20 - (0 + -4) - -4
5
Calculate (6 - 8) + (-6 + 4 - 4).
-8
Evaluate (-8 - (3 - -8)) + 12.
-7
What is the value of -5 + 4 + 1 + 17 + -17?
0
Calculate -2 - -5 - 2 - -2.
3
-12 + 9 + (3 - (-4 - -4))
0
What is the value of (-5 - (1 + 0)) + 1?
-5
What is the value of -3 - ((3 - 3) + 4 + -2)?
-5
(-5 - -7) + (-2 - 3)
-3
-9 - 1 - (-7 - -5)
-8
Calculate (-2 - (-1 - 1 - -4)) + 3.
-1
Evaluate (-4 - 2) + 5 + -1.
-2
What is the value of -4 + 4 + 3 + 3 + -4?
2
Calculate 6 - 3 - (-5 - (-1 - 5)).
2
Calculate -6 + (-3 - (-5 - 3)).
-1
What is -4 + (-1 + 0 - -2)?
-3
What is the value of 3 + (-7 - -8) + (-2 - 1)?
1
7 + -1 + (7 - (6 + 0))
7
What is the value of (4 - (-2 - -3)) + 2 + -3?
2
(15 - 13) + (1 - 0)
3
Evaluate 2 - (2 + 1) - (-3 - 0).
2
Evaluate 4 + -5 + (1 - (-2 - -2)).
0
Evaluate 0 - (-4 + -4) - 10.
-2
What is the value of 8 + (-7 + 6 - 11)?
-4
Evaluate -13 + 5 + (8 - 9).
-9
What is the value of 2 - -16 - 16 - (1 + 5)?
-4
Evaluate -8 + (13 - 11) + 1 + 3.
-2
-5 + -7 + 8 + -2
-6
-3 + (-3 + 3 + 0 - -7)
4
-2 - -7 - (9 - (-2 + 0))
-6
Calculate 9 - (8 + -5) - 11.
-5
What is -3 + (2 + -7 - -3)?
-5
Calculate (6 - 3) + -5 + 4.
2
Evaluate 8 - (2 + (6 - 6) + 6).
0
What is the value of 6 - (10 + -2 + -3)?
1
Evaluate 4 - 6 - 4 - 3.
-9
Evaluate 0 - (0 - (0 - -2)) - -1.
3
What is the value of 38 + -33 - (4 + -1)?
2
What is the value of 0 + (-2 - (-7 - (0 + -5)))?
0
What is the value of (3 - (8 + -5)) + 4?
4
-9 + 13 - (6 + 3)
-5
What is (0 - (1 - 9)) + 4 + -2?
10
What is -2 + 9 + (2 - 7)?
2
Calculate 0 + 11 + (0 - 5) - 8.
-2
What is the value of 1 + -1 + 5 + (-20 - -17)?
2
What is the value of (2 + 8 - 4) + 3 + -4?
5
(-1 - 3 - (4 - 5)) + 7
4
Evaluate -1 + (5 - 4) + -5 - -6.
1
Evaluate 5 + -4 - (1 - (3 - 3)).
0
Evaluate -2 + (1 - 1) + 8 + -1.
5
Evaluate 3 + 1 + (-16 - -11).
-1
What is the value of (2 - 8) + (4 - -2) + 2?
2
Evaluate 4 - 1 - (55 + -56).
4
Calculate 4 - 14 - -4 - -11.
5
Evaluate -1 - 2 - (0 - -1 - 3).
-1
What is (-5 + -4 - -8) + (3 - 0)?
2
Evaluate (6 - (1 - -1)) + (1 - 0).
5
Calculate 1 + (11 - (11 - -11)).
-10
Evaluate (6 - 11) + 4 + -2 + 1.
-2
What is 1 + (4 - 4 - 4)?
-3
1 + -16 + 4 - -4
-7
Calculate (-34 - -27) + 4 + 2.
-1
3 + -6 + 3 - (0 - 0)
0
Calculate -5 - 0 - (11 + -21).
5
Evaluate 3 + 2 + (9 - (17 + -1)).
-2
What is the value of -3 - (1 + 0 + -2)?
-2
Calculate -3 + -1 + (-9 + 3 - -14).
4
-2 + (6 - 1) - -2 - 1
4
4 - ((-2 - 0) + -2 + 5)
3
-8 + (3 - 9) + 14
0
What is (-3 - 2) + 15 + -7?
3
Evaluate 2 + -2 + 5 + -7 + 6.
4
3 + -3 + -2 + 2
0
What is the value of -7 + 0 + -6 + -7 + 23?
3
-3 - (-2 + (0 - -2) + -2)
-1
Evaluate -9 + (9 - 5) - -4 - -1.
0
What is the value of -4 - (0 - (0 + -5 + 6))?
-3
Evaluate 2 - (1 - (7 - (0 - -4))).
4
Calculate -3 - (0 - (-2 - -2)) - -7.
4
Calculate 2 - (-2 - (-5 + 4)) - -1.
4
What is -14 + 9 - (-18 - -2) - 3?
8
What is -3 + (-2 - (2 + -2)) + 0?
-5
Calculate 0 + -11 - (-1 + -2 + -5).
-3
What is the value of (-10 - -9) + 1 + 1?
1
What is the value of 6 - ((6 - 4) + -10 - -5)?
9
Evaluate (-6 + 4 - -1) + 4.
3
What is the value of 48 + -68 + 0 + 10?
-10
What is -1 + (9 - (5 - (2 - -3)))?
8
What is 2 + (0 - 2) + 0 + 5?
5
What is the value of 37 - 35 - (0 + 1)?
1
Calculate (73 + -78 - (-1 + 1)) + -4.
-9
(0 - 1 - -8) + 2 + -5
4
Evaluate (-3 - -3) + -1 + 1 + -5.
-5
What is the value of (7 + -4 - 1) + -1?
1
(-18 + 1 - -23) + 1 + -9
-2
What is -2 - 2 - (4 - 9)?
1
Evaluate (-1 - 8) + 5 - -6.
2
Calculate 7 + -12 + 11 - 1.
5
6 - (-4 - -4 - -1)
5
What is the value of -4 - (-2 - (-9 - -6))?
-5
What is 1 + ((1 - -5) + -10 - 2)?
-5
What is 2 - (-2 + 1 - -2)?
1
What is the value of 1 - (1 + 6 + -4)?
-2
Calculate -20 + 26 + 1 + -13.
-6
Calculate -3 + (3 - 2 - 3) + 2.
-3
What is (-2 - -3) + (-5 - -2) + 7?
5
What is the value of (2 - (5 - 7)) + -4?
0
Calculate -9 - (7 + -1 + -5 - 3).
-7
What is the value of 1 + -3 - (-2 + -1 - 3)?
4
Calculate 3 + -6 + 1 + 5 - -1.
4
What is 3 - ((-35 - -30) + 6 + 0)?
2
0 + -1 - -6 - (44 - 39)
0
0 - (-1 - -4) - -8
5
What is the value of (-15 - -14) + -1 + 7 + -2?
3
What is 2 - (-4 + 2) - (-5 - -5)?
4
Calculate 5 - (1 + (-8 - 0 - -7)).
5
What is (-1 - (-1 + 2)) + 4 - -1?
3
What is the value of (1 - (9 - (0 - -4))) + -3?
-7
What is 3 + (1 + -4 - 5)?
-5
0 + 4 - (-18 - (-17 + 3))
8
Evaluate -1 + 0 - (165 - 162).
-4
What is the value of 4 + (-8 - -4) + 3?
3
What is the value of 3 + 1 + -5 - 4?
-5
(-1 - 1) + (-87 - -99)
10
Calculate -3 + 0 - (-5 + 16 + -16).
2
13 + -2 + -12 - -8
7
-8 + (3 - ((-2 - -3) + -3))
-3
What is the value of -2 - (-1 - (-1 + 3))?
1
Calculate 2 + 8 + -10 + 0.
0
Evaluate -1 - 6 - (155 - 165).
3
What is the value of 3 - ((7 - 2) + -10 - -9)?
-1
What is -2 + (0 - 0) - (71 - 67)?
-6
8 + -9 + 4 - 3
0
8 + -4 - 3 - 3
-2
Evaluate 1 + (7 - 5 - 6).
-3
Calculate -11 + 2 + (4 - -8).
3
Calculate (0 - (-5 - -1)) + 23 + -26.
1
What is 6 - (-4 - 5 - -8)?
7
Calculate -18 + -3 + (6 - -8).
-7
What is -4 + -2 + 2 + 4?
0
-1 - ((9 - 9